me?
False
Is 8425237 prime?
True
Is 25825949 composite?
False
Is 169079731 prime?
True
Is 5877191 a prime number?
False
Is 903513829 a composite number?
False
Is 359474081 composite?
True
Is 33573019 prime?
False
Is 10166339 a composite number?
False
Is 141061957 a prime number?
True
Is 8407837 a prime number?
True
Is 17238733 prime?
False
Is 237121 composite?
True
Is 9420839 a composite number?
True
Is 2433131 a prime number?
False
Is 110017 prime?
True
Is 3331733 composite?
False
Is 31789729 prime?
False
Is 12828659 prime?
False
Is 570845045 prime?
False
Is 1324229 prime?
False
Is 3577543 a composite number?
False
Is 36066899 composite?
True
Is 88924037 a prime number?
True
Is 7918823 a composite number?
True
Is 6701309 composite?
False
Is 15001897 prime?
True
Is 7657549 composite?
True
Is 1980521 a composite number?
False
Is 6733187 composite?
False
Is 3858661 composite?
True
Is 2549357 composite?
False
Is 97922837 prime?
False
Is 8887213 composite?
False
Is 12938461 composite?
False
Is 5395417 prime?
True
Is 1406831 prime?
False
Is 373267957 a composite number?
False
Is 3804241 a composite number?
True
Is 5532413 a composite number?
True
Is 29105257 a composite number?
False
Is 119928433 a composite number?
True
Is 71056651 a prime number?
False
Is 50892343 a prime number?
True
Is 18650893 composite?
False
Is 3659057 composite?
True
Is 859333 a prime number?
False
Is 165176822 composite?
True
Is 13731713 a prime number?
False
Is 2495749 a composite number?
False
Is 954641 prime?
True
Is 68564311 a prime number?
False
Is 3618991 composite?
False
Is 4730702 a prime number?
False
Is 788329 composite?
True
Is 178365691 prime?
False
Is 6428731 a composite number?
False
Is 16529819 a prime number?
False
Is 14312561 a composite number?
False
Is 7883177 prime?
True
Is 1238051 composite?
False
Is 696055733 a prime number?
False
Is 156714863 a composite number?
False
Is 5502881 a composite number?
False
Is 28457211 prime?
False
Is 60130043 composite?
False
Is 69365581 prime?
True
Is 31307 prime?
True
Is 5150407 a prime number?
True
Is 12062965 composite?
True
Is 1109431 prime?
True
Is 69590527 prime?
False
Is 33453197 a composite number?
True
Is 1002067 a composite number?
True
Is 406505315 a prime number?
False
Is 11617849 composite?
False
Is 58392577 a prime number?
False
Is 3016963 a composite number?
False
Is 10672883 a composite number?
True
Is 269282339 a prime number?
False
Is 239016467 prime?
False
Is 770400379 prime?
False
Is 178472417 a composite number?
False
Is 1028777 composite?
False
Is 99149221 prime?
True
Is 22595981 composite?
False
Is 317941919 a prime number?
True
Is 171468537 composite?
True
Is 42132373 a composite number?
True
Is 799433 prime?
False
Is 233141 a prime number?
True
Is 279687 prime?
False
Is 4482761 a composite number?
True
Is 1528601 a composite number?
False
Is 960149 a prime number?
False
Is 29450371 a composite number?
False
Is 29432573 a prime number?
True
Is 1687087 a composite number?
False
Is 3331931 prime?
True
Is 52202539 a prime number?
True
Is 2980357 prime?
True
Is 104654189 a composite number?
False
Is 184669 a prime number?
True
Is 23187587 a prime number?
True
Is 17692759 a composite number?
True
Is 177169255 composite?
True
Is 844841 prime?
True
Is 423299 prime?
True
Is 169732417 composite?
False
Is 1023871 prime?
True
Is 140242147 a composite number?
False
Is 6084061 composite?
True
Is 420679663 a composite number?
False
Is 244936346 composite?
True
Is 86550019 a composite number?
False
Is 1202927 composite?
True
Is 1262957 a prime number?
True
Is 143814007 a prime number?
True
Is 7984001 a composite number?
False
Is 860671 composite?
True
Is 547142795 a prime number?
False
Is 3982067 prime?
True
Is 70733051 a composite number?
False
Is 85487 a composite number?
False
Is 182981005 a composite number?
True
Is 7401521 composite?
False
Is 1348357 prime?
True
Is 3984389 a composite number?
False
Is 30508381 a composite number?
False
Is 2507417 a composite number?
True
Is 1015123 a prime number?
True
Is 27910759 composite?
False
Is 5049379 composite?
True
Is 9123693 composite?
True
Is 130623 a composite number?
True
Is 100601477 prime?
True
Is 27861283 a prime number?
False
Is 117612953 prime?
False
Is 319481 composite?
True
Is 318067 a composite number?
True
Is 21657761 a composite number?
True
Is 2082073 prime?
False
Is 34981553 a composite number?
False
Is 488564981 prime?
True
Is 155371 prime?
True
Is 799153351 a prime number?
False
Is 100669783 prime?
True
Is 32995619 a prime number?
False
Is 117964633 a composite number?
False
Is 543037 a composite number?
True
Is 4450097 prime?
True
Is 163927 prime?
True
Is 16602631 prime?
True
Is 39580729 composite?
False
Is 5504881 prime?
True
Is 15310277 prime?
False
Is 83429713 prime?
False
Is 12083839 a composite number?
False
Is 344842415 composite?
True
Is 5461937 composite?
True
Is 3111385 a composite number?
True
Is 6282769 a composite number?
True
Is 208493837 composite?
True
Is 207473129 a composite number?
False
Is 409217891 a prime number?
False
Is 2216231 a prime number?
True
Is 43896521 prime?
True
Is 31750247 a composite number?
True
Is 115210429 a composite number?
False
Is 18608443 a composite number?
True
Is 92046827 a prime number?
True
Is 6770537 prime?
False
Is 24544397 a prime number?
True
Is 19531823 prime?
False
Is 50460209 a composite number?
False
Is 1177691 prime?
False
Is 487345969 a prime number?
False
Is 3006901 a composite number?
False
Is 29680571 prime?
True
Is 3117109 a prime number?
True
Is 2905127 prime?
False
Is 10198241 a composite number?
True
Is 3075063 a composite number?
True
Is 973381 prime?
False
Is 9187141 prime?
True
Is 410098163 a composite number?
True
Is 553606783 a composite number?
True
Is 248405321 composite?
True
Is 488303 a prime number?
True
Is 71269763 a prime number?
False
Is 48174683 composite?
False
Is 5500751 composite?
True
Is 14489231 composite?
True
Is 1661435 composite?
True
Is 36285377 a composite number?
False
Is 4671717 a composite number?
True
Is 900527 a prime number?
False
Is 688531 prime?
True
Is 63161003 prime?
True
Is 65864087 a composite number?
True
Is 4277173 a prime number?
False
Is 84313 prime?
True
Is 33276163 composite?
True
Is 421223249 a prime number?
True
Is 6426869 a prime number?
True
Is 196772819 prime?
True
Is 7394531 a prime number?
True
Is 26764601 composite?
True
Is 4414411 a composite number?
False
Is 32250953 composite?
True
Is 102978203 a composite number?
False
Is 21426917 prime?
False
Is 207478867 prime?
False
Is 66875111 a composite number?
False
Is 680165 prime?
False
Is 53657 composite?
False
Is 417598 a composite number?
True
Is 2463581 prime?
False
Is 156732899 composite?
True
Is 2535691 composite?
False
Is 8990159 a composite number?
True
Is 866513 a prime number?
True
Is 94202887 composite?
True
Is 31374379 prime?
True
Is 36153043 composite?
False
Is 205509071 a prime number?
False
Is 776151413 a prime number?
True
Is 430329 a composite number?
True
Is 96870461 a prime number?
True
Is 10903951 composite?
False
Is 64308281 a composite number?
False
Is 2448529 composite?
False
Is 5040097 a prime number?
False
Is 1370263 prime?
True
Is 13123997 prime?
True
Is 155293451 composite?
False
Is 1968017 a composite number?
False
Is 51095699 a prime number?
False
Is 495629 a composite number?
False
Is 220790417 prime?
True
Is 896201 prime?
True
Is 77115331 a prime number?
True
Is 14737303 prime?
False
Is 4595713 prime?
True
Is 96184766 prime?
False
Is 263571071 a prime number?
True
Is 1668757 a prime number?
True
Is 414106291 composite?
False
Is 8965483 prime?
False
Is 74358673 a composite number?
True
Is 1480247 a prime number?
False
Is 2694607 a composite number?
False
Is 4675621 a prime number?
False
Is 98625419 composite?
False
Is 6313837 a composite number?
True
Is 65446001 composite?
False
Is 8318131 a prime number?
False
Is 420442877 prime?
False
Is 69049 a prime number?
False
Is 141080701 a composite number?
True
Is 460013 composite?
False
Is 986693 a prime number?
True
Is 228479 composite?
False
Is 776989 composite?
True
Is 47748599 a prime number?
True
Is 24847837 prime?
False
Is 80747311 a prime number?
False
Is 14154323 a composite number?
False
Is 73534 